{"id":21,"date":"2024-05-14T07:49:27","date_gmt":"2024-05-14T07:49:27","guid":{"rendered":"http:\/\/fatsa3noluasm.com\/?page_id=21"},"modified":"2024-05-14T07:49:27","modified_gmt":"2024-05-14T07:49:27","slug":"hakkimizda","status":"publish","type":"page","link":"http:\/\/fatsa3noluasm.com\/?page_id=21","title":{"rendered":"HAKKIMIZDA"},"content":{"rendered":"\n<div class=\"wp-block-group alignfull\" style=\"padding-top:var(--wp--preset--spacing--50);padding-right:var(--wp--preset--spacing--50);padding-bottom:var(--wp--preset--spacing--50);padding-left:var(--wp--preset--spacing--50)\"><div class=\"wp-block-group__inner-container is-layout-constrained wp-container-core-group-is-layout-f4d13f5d wp-block-group-is-layout-constrained\">\n<div class=\"wp-block-group\"><div class=\"wp-block-group__inner-container is-layout-constrained wp-container-core-group-is-layout-04692c70 wp-block-group-is-layout-constrained\">\n<h1 class=\"wp-block-heading has-text-align-center has-x-large-font-size\"><\/h1>\n\n\n\n<div style=\"height:1.25rem\" aria-hidden=\"true\" class=\"wp-block-spacer\"><\/div>\n\n\n\n<p><strong>Fatsa 3 No\u2019lu Aile Hekimli\u011fi Merkezimiz T.C. Sa\u011fl\u0131k Bakanl\u0131\u011f\u0131na ba\u011fl\u0131 olarak 2 hekim ve sa\u011fl\u0131k personeli ile Ordu \/ Fatsa\u2019da hastalar i\u00e7in sa\u011fl\u0131k hizmetleri sunmaktad\u0131r.<\/strong><\/p>\n\n\n\n<ul class=\"wp-block-list\">\n<li>Genel Sa\u011fl\u0131k Muayene ve Kontrol\u00fc<\/li>\n\n\n\n<li>Gebe \u0130zlem ve Takibi<\/li>\n\n\n\n<li>Bebek \u0130zlem ve A\u015f\u0131lama<\/li>\n\n\n\n<li>Yeti\u015fkin A\u015f\u0131lama<\/li>\n\n\n\n<li>1.Basamak Laboratuar Hizmetleri<\/li>\n\n\n\n<li>Hasta Sevk \u0130\u015flemleri (\u0130l i\u00e7i t\u00fcm bran\u015flar i\u00e7in , \u0130l d\u0131\u015f\u0131 ancak randevulu Kanser Hastalar\u0131 ve B\u00f6brek Hastalar\u0131 i\u00e7in sevk yap\u0131labilmektedir.)<\/li>\n\n\n\n<li>Sa\u011fl\u0131k Raporlar\u0131<\/li>\n\n\n\n<li>Sa\u011fl\u0131k Dan\u0131\u015fmanl\u0131k ve E\u011fitim Hizmetleri<\/li>\n\n\n\n<li>Genel Sa\u011fl\u0131k Taramalar\u0131 (Sa\u011fl\u0131k Bakanl\u0131\u011f\u0131 Koordinasyon ve G\u00f6revlendirmesiyle)<\/li>\n\n\n\n<li>Adl\u00ee \u0130\u015flemler(Defin Ruhsat\u0131 vb.)<\/li>\n\n\n\n<li>Aile Planlamas\u0131<\/li>\n<\/ul>\n\n\n\n<div style=\"height:1.25rem\" aria-hidden=\"true\" class=\"wp-block-spacer\"><\/div>\n<\/div><\/div>\n\n\n\n<div style=\"height:var(--wp--preset--spacing--30)\" aria-hidden=\"true\" class=\"wp-block-spacer\"><\/div>\n<\/div><\/div>\n","protected":false},"excerpt":{"rendered":"<p>Fatsa 3 No\u2019lu Aile Hekimli\u011fi Merkezimiz T.C. Sa\u011fl\u0131k Bakanl\u0131\u011f\u0131na ba\u011fl\u0131 olarak 2 hekim ve sa\u011fl\u0131k personeli ile Ordu \/ Fatsa\u2019da hastalar i\u00e7in sa\u011fl\u0131k hizmetleri sunmaktad\u0131r.<\/p>\n","protected":false},"author":1,"featured_media":0,"parent":0,"menu_order":0,"comment_status":"closed","ping_status":"closed","template":"","meta":{"footnotes":""},"class_list":["post-21","page","type-page","status-publish","hentry"],"_links":{"self":[{"href":"http:\/\/fatsa3noluasm.com\/index.php?rest_route=\/wp\/v2\/pages\/21","targetHints":{"allow":["GET"]}}],"collection":[{"href":"http:\/\/fatsa3noluasm.com\/index.php?rest_route=\/wp\/v2\/pages"}],"about":[{"href":"http:\/\/fatsa3noluasm.com\/index.php?rest_route=\/wp\/v2\/types\/page"}],"author":[{"embeddable":true,"href":"http:\/\/fatsa3noluasm.com\/index.php?rest_route=\/wp\/v2\/users\/1"}],"replies":[{"embeddable":true,"href":"http:\/\/fatsa3noluasm.com\/index.php?rest_route=%2Fwp%2Fv2%2Fcomments&post=21"}],"version-history":[{"count":1,"href":"http:\/\/fatsa3noluasm.com\/index.php?rest_route=\/wp\/v2\/pages\/21\/revisions"}],"predecessor-version":[{"id":22,"href":"http:\/\/fatsa3noluasm.com\/index.php?rest_route=\/wp\/v2\/pages\/21\/revisions\/22"}],"wp:attachment":[{"href":"http:\/\/fatsa3noluasm.com\/index.php?rest_route=%2Fwp%2Fv2%2Fmedia&parent=21"}],"curies":[{"name":"wp","href":"https:\/\/api.w.org\/{rel}","templated":true}]}}