{"id":23,"date":"2024-05-14T07:52:13","date_gmt":"2024-05-14T07:52:13","guid":{"rendered":"http:\/\/fatsa3noluasm.com\/?page_id=23"},"modified":"2025-10-28T21:03:21","modified_gmt":"2025-10-28T21:03:21","slug":"calisma-saatleri","status":"publish","type":"page","link":"http:\/\/fatsa3noluasm.com\/?page_id=23","title":{"rendered":"\u00c7ALI\u015eMA SAATLER\u0130"},"content":{"rendered":"\n<figure class=\"wp-block-image size-large is-resized\"><img loading=\"lazy\" decoding=\"async\" width=\"1024\" height=\"753\" src=\"http:\/\/fatsa3noluasm.com\/wp-content\/uploads\/2025\/10\/image-1024x753.png\" alt=\"\" class=\"wp-image-75\" style=\"width:982px;height:auto\" srcset=\"http:\/\/fatsa3noluasm.com\/wp-content\/uploads\/2025\/10\/image-1024x753.png 1024w, http:\/\/fatsa3noluasm.com\/wp-content\/uploads\/2025\/10\/image-300x220.png 300w, http:\/\/fatsa3noluasm.com\/wp-content\/uploads\/2025\/10\/image-768x564.png 768w, http:\/\/fatsa3noluasm.com\/wp-content\/uploads\/2025\/10\/image.png 1305w\" sizes=\"auto, (max-width: 1024px) 100vw, 1024px\" \/><\/figure>\n","protected":false},"excerpt":{"rendered":"","protected":false},"author":1,"featured_media":0,"parent":0,"menu_order":0,"comment_status":"closed","ping_status":"closed","template":"","meta":{"footnotes":""},"class_list":["post-23","page","type-page","status-publish","hentry"],"_links":{"self":[{"href":"http:\/\/fatsa3noluasm.com\/index.php?rest_route=\/wp\/v2\/pages\/23","targetHints":{"allow":["GET"]}}],"collection":[{"href":"http:\/\/fatsa3noluasm.com\/index.php?rest_route=\/wp\/v2\/pages"}],"about":[{"href":"http:\/\/fatsa3noluasm.com\/index.php?rest_route=\/wp\/v2\/types\/page"}],"author":[{"embeddable":true,"href":"http:\/\/fatsa3noluasm.com\/index.php?rest_route=\/wp\/v2\/users\/1"}],"replies":[{"embeddable":true,"href":"http:\/\/fatsa3noluasm.com\/index.php?rest_route=%2Fwp%2Fv2%2Fcomments&post=23"}],"version-history":[{"count":3,"href":"http:\/\/fatsa3noluasm.com\/index.php?rest_route=\/wp\/v2\/pages\/23\/revisions"}],"predecessor-version":[{"id":76,"href":"http:\/\/fatsa3noluasm.com\/index.php?rest_route=\/wp\/v2\/pages\/23\/revisions\/76"}],"wp:attachment":[{"href":"http:\/\/fatsa3noluasm.com\/index.php?rest_route=%2Fwp%2Fv2%2Fmedia&parent=23"}],"curies":[{"name":"wp","href":"https:\/\/api.w.org\/{rel}","templated":true}]}}